{"id":27,"date":"2018-02-21T13:05:17","date_gmt":"2018-02-21T11:05:17","guid":{"rendered":"http:\/\/koski.fi\/ylaaste\/?page_id=27"},"modified":"2026-05-07T13:26:25","modified_gmt":"2026-05-07T10:26:25","slug":"opetussuunnitelma","status":"publish","type":"page","link":"https:\/\/koski.fi\/ylaaste\/opetussuunnitelma\/","title":{"rendered":"Opetussuunnitelma"},"content":{"rendered":"<p>Kosken seudun yl\u00e4asteella noudatetaan Kosken Tl ja Marttilan kuntien sivistyslautakuntien hyv\u00e4ksym\u00e4\u00e4 opetussuunitelmaa, joka on valtakunnallisen perusopetuksen opetussunnitelman mukainen.<\/p>\n<p><a href=\"https:\/\/koski.fi\/ylaaste\/wp-content\/uploads\/sites\/5\/2025\/12\/Kosken-TL-ja-Marttilan-kuntien-perusopetuksen-opetussuunnitelma.pdf\">Kosken TL ja Marttilan kunnan perusopetuksen opetussuunnitelma<\/a><\/p>\n<p><a href=\"https:\/\/drive.google.com\/file\/d\/1LwOnHpJgb2YMoAdWo_OHBbzM4433pzCl\/view?usp=drive_link\">Valinnaisainevihko 2026 7. luokat<\/a><\/p>\n<p>Valinnaisainevihko 2026 8. luokat<\/p>\n","protected":false},"excerpt":{"rendered":"<p>Kosken seudun yl\u00e4asteella noudatetaan Kosken Tl ja Marttilan kuntien sivistyslautakuntien  [&#8230;]<\/p>\n","protected":false},"author":24,"featured_media":0,"parent":0,"menu_order":0,"comment_status":"closed","ping_status":"closed","template":"","meta":{"footnotes":""},"class_list":["post-27","page","type-page","status-publish","hentry"],"jetpack_sharing_enabled":true,"_links":{"self":[{"href":"https:\/\/koski.fi\/ylaaste\/wp-json\/wp\/v2\/pages\/27","targetHints":{"allow":["GET"]}}],"collection":[{"href":"https:\/\/koski.fi\/ylaaste\/wp-json\/wp\/v2\/pages"}],"about":[{"href":"https:\/\/koski.fi\/ylaaste\/wp-json\/wp\/v2\/types\/page"}],"author":[{"embeddable":true,"href":"https:\/\/koski.fi\/ylaaste\/wp-json\/wp\/v2\/users\/24"}],"replies":[{"embeddable":true,"href":"https:\/\/koski.fi\/ylaaste\/wp-json\/wp\/v2\/comments?post=27"}],"version-history":[{"count":6,"href":"https:\/\/koski.fi\/ylaaste\/wp-json\/wp\/v2\/pages\/27\/revisions"}],"predecessor-version":[{"id":672,"href":"https:\/\/koski.fi\/ylaaste\/wp-json\/wp\/v2\/pages\/27\/revisions\/672"}],"wp:attachment":[{"href":"https:\/\/koski.fi\/ylaaste\/wp-json\/wp\/v2\/media?parent=27"}],"curies":[{"name":"wp","href":"https:\/\/api.w.org\/{rel}","templated":true}]}}