{"id":943,"date":"2018-02-21T12:59:46","date_gmt":"2018-02-21T10:59:46","guid":{"rendered":"http:\/\/koski.fi\/taidemuseo\/?page_id=943"},"modified":"2024-01-17T08:22:54","modified_gmt":"2024-01-17T06:22:54","slug":"museokauppa","status":"publish","type":"page","link":"https:\/\/koski.fi\/taidemuseo\/museokauppa\/","title":{"rendered":"Museokauppa"},"content":{"rendered":"<p><strong>Yrj\u00f6 Liipolan taidemuseon myyntituotteet<\/strong><\/p>\n<p>&nbsp;<\/p>\n<table border=\"0\" cellpadding=\"6\">\n<tbody>\n<tr>\n<td><strong>Veistokset<\/strong><\/td>\n<td><strong>Hinta euroa<\/strong><\/td>\n<\/tr>\n<tr>\n<td><\/td>\n<td><\/td>\n<\/tr>\n<tr>\n<td>Elonleikkaajat (1943),<br \/>\npronssia,<br \/>\nyhdeks\u00e4n kappaleen numeroitu sarja<\/td>\n<td>1.000,00<\/td>\n<\/tr>\n<tr>\n<td><\/td>\n<td><\/td>\n<\/tr>\n<tr>\n<td>Ryp\u00e4letytt\u00f6-reliefi,<br \/>\npronssia,<br \/>\n20 kappaleen numeroitu sarja<\/td>\n<td>650,00<\/td>\n<\/tr>\n<tr>\n<td><\/td>\n<td><\/td>\n<\/tr>\n<tr>\n<td>Kipsiset:<\/td>\n<td><\/td>\n<\/tr>\n<tr>\n<td>Mannerheim,<br \/>\nkorkeus 62 cm<\/td>\n<td>280,00<\/td>\n<\/tr>\n<tr>\n<td>Lyhdetytt\u00f6-veistos<\/td>\n<td>210,00<\/td>\n<\/tr>\n<tr>\n<td>Kylv\u00e4j\u00e4 (iso)<\/td>\n<td>200,00<\/td>\n<\/tr>\n<tr>\n<td>Siirtov\u00e4ke\u00e4<\/td>\n<td>200,00<\/td>\n<\/tr>\n<tr>\n<td>Nainen<\/td>\n<td>190,00<\/td>\n<\/tr>\n<tr>\n<td>Pellavankitkij\u00e4-veistos (iso)<\/td>\n<td>190,00<\/td>\n<\/tr>\n<tr>\n<td>Sisu-veistos<\/td>\n<td>190,00<\/td>\n<\/tr>\n<tr>\n<td>Sotaorpoja-veistos<\/td>\n<td>180,00<\/td>\n<\/tr>\n<tr>\n<td>Karhu-veistos<\/td>\n<td>180,00<\/td>\n<\/tr>\n<tr>\n<td>Istuva tytt\u00f6<\/td>\n<td>130,00<\/td>\n<\/tr>\n<tr>\n<td>Pellavankitkij\u00e4 (pieni)<\/td>\n<td>120,00<\/td>\n<\/tr>\n<tr>\n<td>Kylv\u00e4j\u00e4 (pieni)<\/td>\n<td>120,00<\/td>\n<\/tr>\n<tr>\n<td>Viestinviej\u00e4<\/td>\n<td>160,00<\/td>\n<\/tr>\n<tr>\n<td><strong>Painotuotteet, muu materiaali<\/strong><\/td>\n<td><\/td>\n<\/tr>\n<tr>\n<td>Aira Tuomisto: Kotona &#8211; monumettien aika<\/td>\n<td>30,00<\/td>\n<\/tr>\n<tr>\n<td>Aira Tuomisto: Keih\u00e4stytt\u00f6 ja Mets\u00e4poika<\/td>\n<td>20,00<\/td>\n<\/tr>\n<tr>\n<td>Aira Tuomisto: Yrj\u00f6 Liipolan sankarimuistomerkit<br \/>\naikansa historian kertojina<\/td>\n<td>18,00<\/td>\n<\/tr>\n<tr>\n<td>Yrj\u00f6 Liipola: Muistelmateos Vaellusvuosiltani<\/td>\n<td>25,00<\/td>\n<\/tr>\n<tr>\n<td>Keittokirja: Maralan maistuvat herkut<\/td>\n<td>20,00<\/td>\n<\/tr>\n<tr>\n<td>piirrostauluja (kehystetty)<\/td>\n<td>17,00<\/td>\n<\/tr>\n<tr>\n<td>piirrostauluja (kehyst\u00e4m\u00e4t\u00f6n)<\/td>\n<td>5,00<\/td>\n<\/tr>\n<tr>\n<td>Grafiikkapiirroksia<\/td>\n<td>5,00<\/td>\n<\/tr>\n<tr>\n<td>Ex libriksi\u00e4<\/td>\n<td>3,50<\/td>\n<\/tr>\n<tr>\n<td>Kirjanmerkki<\/td>\n<td>3,50<\/td>\n<\/tr>\n<tr>\n<td>\u00a0Taidepostikortit<\/td>\n<td>\u00a01,00<\/td>\n<\/tr>\n<tr>\n<td>Taidepostikortti, taitettu kirjekuorineen<\/td>\n<td>1,50<\/td>\n<\/tr>\n<tr>\n<td>Taidepostikorttilajitelma, 7\u00a0 erilaista<\/td>\n<td>5,00<\/td>\n<\/tr>\n<\/tbody>\n<\/table>\n\n\t\t<style type=\"text\/css\">\n\t\t\t#gallery-1 {\n\t\t\t\tmargin: auto;\n\t\t\t}\n\t\t\t#gallery-1 .gallery-item {\n\t\t\t\tfloat: left;\n\t\t\t\tmargin-top: 10px;\n\t\t\t\ttext-align: center;\n\t\t\t\twidth: 33%;\n\t\t\t}\n\t\t\t#gallery-1 img {\n\t\t\t\tborder: 2px solid #cfcfcf;\n\t\t\t}\n\t\t\t#gallery-1 .gallery-caption {\n\t\t\t\tmargin-left: 0;\n\t\t\t}\n\t\t\t\/* see gallery_shortcode() in wp-includes\/media.php *\/\n\t\t<\/style>\n\t\t<div id='gallery-1' class='gallery galleryid-943 gallery-columns-3 gallery-size-medium'><dl class='gallery-item'>\n\t\t\t<dt class='gallery-icon portrait'>\n\t\t\t\t<a data-rel=\"iLightbox[postimages]\" data-title=\"Sotaorpoja\" data-caption=\"Sotaorpoja,\nkorkeus 24 cm\" href='https:\/\/koski.fi\/taidemuseo\/museokauppa\/sotaorpoja\/'><img decoding=\"async\" width=\"200\" height=\"300\" src=\"https:\/\/koski.fi\/taidemuseo\/wp-content\/uploads\/sites\/3\/2018\/04\/Sotaorpoja-200x300.jpg\" class=\"attachment-medium size-medium\" alt=\"\" aria-describedby=\"gallery-1-1082\" srcset=\"https:\/\/koski.fi\/taidemuseo\/wp-content\/uploads\/sites\/3\/2018\/04\/Sotaorpoja-200x300.jpg 200w, https:\/\/koski.fi\/taidemuseo\/wp-content\/uploads\/sites\/3\/2018\/04\/Sotaorpoja.jpg 400w\" sizes=\"(max-width: 200px) 100vw, 200px\" \/><\/a>\n\t\t\t<\/dt>\n\t\t\t\t<dd class='wp-caption-text gallery-caption' id='gallery-1-1082'>\n\t\t\t\tSotaorpoja,\nkorkeus 24 cm\n\t\t\t\t<\/dd><\/dl><dl class='gallery-item'>\n\t\t\t<dt class='gallery-icon portrait'>\n\t\t\t\t<a data-rel=\"iLightbox[postimages]\" data-title=\"Lyhdetytt\u00f6\" data-caption=\"Lyhdetytt\u00f6,\nkorkeus 35 cm\" href='https:\/\/koski.fi\/taidemuseo\/museokauppa\/lyhdetytto\/'><img decoding=\"async\" width=\"200\" height=\"300\" src=\"https:\/\/koski.fi\/taidemuseo\/wp-content\/uploads\/sites\/3\/2018\/04\/Lyhdetytt\u00f6-200x300.jpg\" class=\"attachment-medium size-medium\" alt=\"\" aria-describedby=\"gallery-1-1089\" srcset=\"https:\/\/koski.fi\/taidemuseo\/wp-content\/uploads\/sites\/3\/2018\/04\/Lyhdetytt\u00f6-200x300.jpg 200w, https:\/\/koski.fi\/taidemuseo\/wp-content\/uploads\/sites\/3\/2018\/04\/Lyhdetytt\u00f6.jpg 400w\" sizes=\"(max-width: 200px) 100vw, 200px\" \/><\/a>\n\t\t\t<\/dt>\n\t\t\t\t<dd class='wp-caption-text gallery-caption' id='gallery-1-1089'>\n\t\t\t\tLyhdetytt\u00f6,\nkorkeus 35 cm\n\t\t\t\t<\/dd><\/dl><dl class='gallery-item'>\n\t\t\t<dt class='gallery-icon portrait'>\n\t\t\t\t<a data-rel=\"iLightbox[postimages]\" data-title=\"Suru\" data-caption=\"Suru,\nkorkeus 18 cm\" href='https:\/\/koski.fi\/taidemuseo\/museokauppa\/suru\/'><img decoding=\"async\" width=\"200\" height=\"300\" src=\"https:\/\/koski.fi\/taidemuseo\/wp-content\/uploads\/sites\/3\/2018\/04\/Suru-200x300.jpg\" class=\"attachment-medium size-medium\" alt=\"\" aria-describedby=\"gallery-1-1083\" srcset=\"https:\/\/koski.fi\/taidemuseo\/wp-content\/uploads\/sites\/3\/2018\/04\/Suru-200x300.jpg 200w, https:\/\/koski.fi\/taidemuseo\/wp-content\/uploads\/sites\/3\/2018\/04\/Suru.jpg 400w\" sizes=\"(max-width: 200px) 100vw, 200px\" \/><\/a>\n\t\t\t<\/dt>\n\t\t\t\t<dd class='wp-caption-text gallery-caption' id='gallery-1-1083'>\n\t\t\t\tSuru,\nkorkeus 18 cm\n\t\t\t\t<\/dd><\/dl><br style=\"clear: both\" \/><dl class='gallery-item'>\n\t\t\t<dt class='gallery-icon portrait'>\n\t\t\t\t<a data-rel=\"iLightbox[postimages]\" data-title=\"Ryp\u00e4letytt\u00f6\" data-caption=\"Ryp\u00e4letytt\u00f6,\nkorkeus 33 cm\" href='https:\/\/koski.fi\/taidemuseo\/museokauppa\/rypaletytto\/'><img decoding=\"async\" width=\"200\" height=\"300\" src=\"https:\/\/koski.fi\/taidemuseo\/wp-content\/uploads\/sites\/3\/2018\/04\/Ryp\u00e4letytt\u00f6-200x300.jpg\" class=\"attachment-medium size-medium\" alt=\"\" aria-describedby=\"gallery-1-1079\" srcset=\"https:\/\/koski.fi\/taidemuseo\/wp-content\/uploads\/sites\/3\/2018\/04\/Ryp\u00e4letytt\u00f6-200x300.jpg 200w, https:\/\/koski.fi\/taidemuseo\/wp-content\/uploads\/sites\/3\/2018\/04\/Ryp\u00e4letytt\u00f6.jpg 400w\" sizes=\"(max-width: 200px) 100vw, 200px\" \/><\/a>\n\t\t\t<\/dt>\n\t\t\t\t<dd class='wp-caption-text gallery-caption' id='gallery-1-1079'>\n\t\t\t\tRyp\u00e4letytt\u00f6,\nkorkeus 33 cm\n\t\t\t\t<\/dd><\/dl><dl class='gallery-item'>\n\t\t\t<dt class='gallery-icon portrait'>\n\t\t\t\t<a data-rel=\"iLightbox[postimages]\" data-title=\"Karhu\" data-caption=\"Karhu,\nkorkeus 23 cm\" href='https:\/\/koski.fi\/taidemuseo\/museokauppa\/karhu\/'><img decoding=\"async\" width=\"200\" height=\"300\" src=\"https:\/\/koski.fi\/taidemuseo\/wp-content\/uploads\/sites\/3\/2018\/04\/Karhu-200x300.jpg\" class=\"attachment-medium size-medium\" alt=\"\" aria-describedby=\"gallery-1-1086\" srcset=\"https:\/\/koski.fi\/taidemuseo\/wp-content\/uploads\/sites\/3\/2018\/04\/Karhu-200x300.jpg 200w, https:\/\/koski.fi\/taidemuseo\/wp-content\/uploads\/sites\/3\/2018\/04\/Karhu.jpg 400w\" sizes=\"(max-width: 200px) 100vw, 200px\" \/><\/a>\n\t\t\t<\/dt>\n\t\t\t\t<dd class='wp-caption-text gallery-caption' id='gallery-1-1086'>\n\t\t\t\tKarhu,\nkorkeus 23 cm\n\t\t\t\t<\/dd><\/dl><dl class='gallery-item'>\n\t\t\t<dt class='gallery-icon portrait'>\n\t\t\t\t<a data-rel=\"iLightbox[postimages]\" data-title=\"Pellavankitkij\u00e4 pieni\" data-caption=\"Pellavankitkij\u00e4 pieni,\nkorkeus 24 cm\" href='https:\/\/koski.fi\/taidemuseo\/museokauppa\/pellavankitkija-pieni\/'><img decoding=\"async\" width=\"200\" height=\"300\" src=\"https:\/\/koski.fi\/taidemuseo\/wp-content\/uploads\/sites\/3\/2018\/04\/Pellavankitkij\u00e4-pieni-200x300.jpg\" class=\"attachment-medium size-medium\" alt=\"\" aria-describedby=\"gallery-1-1078\" srcset=\"https:\/\/koski.fi\/taidemuseo\/wp-content\/uploads\/sites\/3\/2018\/04\/Pellavankitkij\u00e4-pieni-200x300.jpg 200w, https:\/\/koski.fi\/taidemuseo\/wp-content\/uploads\/sites\/3\/2018\/04\/Pellavankitkij\u00e4-pieni.jpg 400w\" sizes=\"(max-width: 200px) 100vw, 200px\" \/><\/a>\n\t\t\t<\/dt>\n\t\t\t\t<dd class='wp-caption-text gallery-caption' id='gallery-1-1078'>\n\t\t\t\tPellavankitkij\u00e4 pieni,\nkorkeus 24 cm\n\t\t\t\t<\/dd><\/dl><br style=\"clear: both\" \/><dl class='gallery-item'>\n\t\t\t<dt class='gallery-icon portrait'>\n\t\t\t\t<a data-rel=\"iLightbox[postimages]\" data-title=\"Nainen\" data-caption=\"Nainen,\nkorkeus 33 cm\" href='https:\/\/koski.fi\/taidemuseo\/museokauppa\/nainen\/'><img decoding=\"async\" width=\"200\" height=\"300\" src=\"https:\/\/koski.fi\/taidemuseo\/wp-content\/uploads\/sites\/3\/2018\/04\/Nainen-200x300.jpg\" class=\"attachment-medium size-medium\" alt=\"\" aria-describedby=\"gallery-1-1076\" srcset=\"https:\/\/koski.fi\/taidemuseo\/wp-content\/uploads\/sites\/3\/2018\/04\/Nainen-200x300.jpg 200w, https:\/\/koski.fi\/taidemuseo\/wp-content\/uploads\/sites\/3\/2018\/04\/Nainen.jpg 400w\" sizes=\"(max-width: 200px) 100vw, 200px\" \/><\/a>\n\t\t\t<\/dt>\n\t\t\t\t<dd class='wp-caption-text gallery-caption' id='gallery-1-1076'>\n\t\t\t\tNainen,\nkorkeus 33 cm\n\t\t\t\t<\/dd><\/dl><dl class='gallery-item'>\n\t\t\t<dt class='gallery-icon portrait'>\n\t\t\t\t<a data-rel=\"iLightbox[postimages]\" data-title=\"Pellavankitkij\u00e4 iso\" data-caption=\"Pellavankitkij\u00e4 iso,\nkorkeus 33 cm\" href='https:\/\/koski.fi\/taidemuseo\/museokauppa\/pellavankitkija-iso\/'><img decoding=\"async\" width=\"200\" height=\"300\" src=\"https:\/\/koski.fi\/taidemuseo\/wp-content\/uploads\/sites\/3\/2018\/04\/Pellavankitkij\u00e4-iso-200x300.jpg\" class=\"attachment-medium size-medium\" alt=\"\" aria-describedby=\"gallery-1-1077\" srcset=\"https:\/\/koski.fi\/taidemuseo\/wp-content\/uploads\/sites\/3\/2018\/04\/Pellavankitkij\u00e4-iso-200x300.jpg 200w, https:\/\/koski.fi\/taidemuseo\/wp-content\/uploads\/sites\/3\/2018\/04\/Pellavankitkij\u00e4-iso.jpg 400w\" sizes=\"(max-width: 200px) 100vw, 200px\" \/><\/a>\n\t\t\t<\/dt>\n\t\t\t\t<dd class='wp-caption-text gallery-caption' id='gallery-1-1077'>\n\t\t\t\tPellavankitkij\u00e4 iso,\nkorkeus 33 cm\n\t\t\t\t<\/dd><\/dl><dl class='gallery-item'>\n\t\t\t<dt class='gallery-icon portrait'>\n\t\t\t\t<a data-rel=\"iLightbox[postimages]\" data-title=\"Elonleikkaajat\" data-caption=\"Elonleikkaajat,\nkorkeus 25 cm\" href='https:\/\/koski.fi\/taidemuseo\/museokauppa\/elonleikkaajat\/'><img decoding=\"async\" width=\"200\" height=\"300\" src=\"https:\/\/koski.fi\/taidemuseo\/wp-content\/uploads\/sites\/3\/2018\/04\/Elonleikkaajat-200x300.jpg\" class=\"attachment-medium size-medium\" alt=\"\" aria-describedby=\"gallery-1-1085\" srcset=\"https:\/\/koski.fi\/taidemuseo\/wp-content\/uploads\/sites\/3\/2018\/04\/Elonleikkaajat-200x300.jpg 200w, https:\/\/koski.fi\/taidemuseo\/wp-content\/uploads\/sites\/3\/2018\/04\/Elonleikkaajat.jpg 400w\" sizes=\"(max-width: 200px) 100vw, 200px\" \/><\/a>\n\t\t\t<\/dt>\n\t\t\t\t<dd class='wp-caption-text gallery-caption' id='gallery-1-1085'>\n\t\t\t\tElonleikkaajat,\nkorkeus 25 cm\n\t\t\t\t<\/dd><\/dl><br style=\"clear: both\" \/><dl class='gallery-item'>\n\t\t\t<dt class='gallery-icon portrait'>\n\t\t\t\t<a data-rel=\"iLightbox[postimages]\" data-title=\"Mannerheim\" data-caption=\"Mannerheim,\nkorkeus 62 cm\" href='https:\/\/koski.fi\/taidemuseo\/museokauppa\/mannerheim\/'><img decoding=\"async\" width=\"200\" height=\"300\" src=\"https:\/\/koski.fi\/taidemuseo\/wp-content\/uploads\/sites\/3\/2018\/04\/Mannerheim-200x300.jpg\" class=\"attachment-medium size-medium\" alt=\"\" aria-describedby=\"gallery-1-1075\" srcset=\"https:\/\/koski.fi\/taidemuseo\/wp-content\/uploads\/sites\/3\/2018\/04\/Mannerheim-200x300.jpg 200w, https:\/\/koski.fi\/taidemuseo\/wp-content\/uploads\/sites\/3\/2018\/04\/Mannerheim.jpg 400w\" sizes=\"(max-width: 200px) 100vw, 200px\" \/><\/a>\n\t\t\t<\/dt>\n\t\t\t\t<dd class='wp-caption-text gallery-caption' id='gallery-1-1075'>\n\t\t\t\tMannerheim,\nkorkeus 62 cm\n\t\t\t\t<\/dd><\/dl><dl class='gallery-item'>\n\t\t\t<dt class='gallery-icon portrait'>\n\t\t\t\t<a data-rel=\"iLightbox[postimages]\" data-title=\"Kylv\u00e4j\u00e4 iso\" data-caption=\"Kylv\u00e4j\u00e4 iso,\nkorkeus 33 cm\" href='https:\/\/koski.fi\/taidemuseo\/museokauppa\/kylvaja-iso\/'><img decoding=\"async\" width=\"200\" height=\"300\" src=\"https:\/\/koski.fi\/taidemuseo\/wp-content\/uploads\/sites\/3\/2018\/04\/Kylv\u00e4j\u00e4-iso-200x300.jpg\" class=\"attachment-medium size-medium\" alt=\"\" aria-describedby=\"gallery-1-1087\" srcset=\"https:\/\/koski.fi\/taidemuseo\/wp-content\/uploads\/sites\/3\/2018\/04\/Kylv\u00e4j\u00e4-iso-200x300.jpg 200w, https:\/\/koski.fi\/taidemuseo\/wp-content\/uploads\/sites\/3\/2018\/04\/Kylv\u00e4j\u00e4-iso.jpg 400w\" sizes=\"(max-width: 200px) 100vw, 200px\" \/><\/a>\n\t\t\t<\/dt>\n\t\t\t\t<dd class='wp-caption-text gallery-caption' id='gallery-1-1087'>\n\t\t\t\tKylv\u00e4j\u00e4 iso,\nkorkeus 33 cm\n\t\t\t\t<\/dd><\/dl><dl class='gallery-item'>\n\t\t\t<dt class='gallery-icon portrait'>\n\t\t\t\t<a data-rel=\"iLightbox[postimages]\" data-title=\"Siirtov\u00e4ke\u00e4\" data-caption=\"Siirtov\u00e4ke\u00e4,\nkorkeus 23 cm\" href='https:\/\/koski.fi\/taidemuseo\/siirtovakea-2\/'><img decoding=\"async\" width=\"200\" height=\"300\" src=\"https:\/\/koski.fi\/taidemuseo\/wp-content\/uploads\/sites\/3\/2018\/04\/Siirtov\u00e4ke\u00e4-1-200x300.jpg\" class=\"attachment-medium size-medium\" alt=\"\" aria-describedby=\"gallery-1-1102\" srcset=\"https:\/\/koski.fi\/taidemuseo\/wp-content\/uploads\/sites\/3\/2018\/04\/Siirtov\u00e4ke\u00e4-1-200x300.jpg 200w, https:\/\/koski.fi\/taidemuseo\/wp-content\/uploads\/sites\/3\/2018\/04\/Siirtov\u00e4ke\u00e4-1.jpg 400w\" sizes=\"(max-width: 200px) 100vw, 200px\" \/><\/a>\n\t\t\t<\/dt>\n\t\t\t\t<dd class='wp-caption-text gallery-caption' id='gallery-1-1102'>\n\t\t\t\tSiirtov\u00e4ke\u00e4,\nkorkeus 23 cm\n\t\t\t\t<\/dd><\/dl><br style=\"clear: both\" \/><dl class='gallery-item'>\n\t\t\t<dt class='gallery-icon portrait'>\n\t\t\t\t<a data-rel=\"iLightbox[postimages]\" data-title=\"Kylv\u00e4j\u00e4 pieni\" data-caption=\"Kylv\u00e4j\u00e4 pieni,\nkorkeus 21 cm\" href='https:\/\/koski.fi\/taidemuseo\/museokauppa\/kylvaja-pieni\/'><img decoding=\"async\" width=\"200\" height=\"300\" src=\"https:\/\/koski.fi\/taidemuseo\/wp-content\/uploads\/sites\/3\/2018\/04\/Kylv\u00e4j\u00e4-pieni-200x300.jpg\" class=\"attachment-medium size-medium\" alt=\"\" aria-describedby=\"gallery-1-1088\" srcset=\"https:\/\/koski.fi\/taidemuseo\/wp-content\/uploads\/sites\/3\/2018\/04\/Kylv\u00e4j\u00e4-pieni-200x300.jpg 200w, https:\/\/koski.fi\/taidemuseo\/wp-content\/uploads\/sites\/3\/2018\/04\/Kylv\u00e4j\u00e4-pieni.jpg 400w\" sizes=\"(max-width: 200px) 100vw, 200px\" \/><\/a>\n\t\t\t<\/dt>\n\t\t\t\t<dd class='wp-caption-text gallery-caption' id='gallery-1-1088'>\n\t\t\t\tKylv\u00e4j\u00e4 pieni,\nkorkeus 21 cm\n\t\t\t\t<\/dd><\/dl><dl class='gallery-item'>\n\t\t\t<dt class='gallery-icon portrait'>\n\t\t\t\t<a data-rel=\"iLightbox[postimages]\" data-title=\"Sisu\" data-caption=\"Sisu,\nkorkeus 25 cm\" href='https:\/\/koski.fi\/taidemuseo\/museokauppa\/sisu\/'><img decoding=\"async\" width=\"200\" height=\"300\" src=\"https:\/\/koski.fi\/taidemuseo\/wp-content\/uploads\/sites\/3\/2018\/04\/Sisu-200x300.jpg\" class=\"attachment-medium size-medium\" alt=\"\" aria-describedby=\"gallery-1-1081\" srcset=\"https:\/\/koski.fi\/taidemuseo\/wp-content\/uploads\/sites\/3\/2018\/04\/Sisu-200x300.jpg 200w, https:\/\/koski.fi\/taidemuseo\/wp-content\/uploads\/sites\/3\/2018\/04\/Sisu.jpg 400w\" sizes=\"(max-width: 200px) 100vw, 200px\" \/><\/a>\n\t\t\t<\/dt>\n\t\t\t\t<dd class='wp-caption-text gallery-caption' id='gallery-1-1081'>\n\t\t\t\tSisu,\nkorkeus 25 cm\n\t\t\t\t<\/dd><\/dl>\n\t\t\t<br style='clear: both' \/>\n\t\t<\/div>\n\n","protected":false},"excerpt":{"rendered":"<p>Yrj\u00f6 Liipolan taidemuseon myyntituotteet &nbsp; Veistokset Hinta euroa Elonleikkaajat (1943),  [&#8230;]<\/p>\n","protected":false},"author":2,"featured_media":0,"parent":0,"menu_order":0,"comment_status":"closed","ping_status":"closed","template":"","meta":{"footnotes":""},"class_list":["post-943","page","type-page","status-publish","hentry"],"jetpack_sharing_enabled":true,"_links":{"self":[{"href":"https:\/\/koski.fi\/taidemuseo\/wp-json\/wp\/v2\/pages\/943","targetHints":{"allow":["GET"]}}],"collection":[{"href":"https:\/\/koski.fi\/taidemuseo\/wp-json\/wp\/v2\/pages"}],"about":[{"href":"https:\/\/koski.fi\/taidemuseo\/wp-json\/wp\/v2\/types\/page"}],"author":[{"embeddable":true,"href":"https:\/\/koski.fi\/taidemuseo\/wp-json\/wp\/v2\/users\/2"}],"replies":[{"embeddable":true,"href":"https:\/\/koski.fi\/taidemuseo\/wp-json\/wp\/v2\/comments?post=943"}],"version-history":[{"count":12,"href":"https:\/\/koski.fi\/taidemuseo\/wp-json\/wp\/v2\/pages\/943\/revisions"}],"predecessor-version":[{"id":1556,"href":"https:\/\/koski.fi\/taidemuseo\/wp-json\/wp\/v2\/pages\/943\/revisions\/1556"}],"wp:attachment":[{"href":"https:\/\/koski.fi\/taidemuseo\/wp-json\/wp\/v2\/media?parent=943"}],"curies":[{"name":"wp","href":"https:\/\/api.w.org\/{rel}","templated":true}]}}