{"id":20,"date":"2018-02-28T15:33:17","date_gmt":"2018-02-28T13:33:17","guid":{"rendered":"http:\/\/koski.fi\/koskenlukio\/?page_id=20"},"modified":"2025-11-19T17:02:52","modified_gmt":"2025-11-19T15:02:52","slug":"aikataulu","status":"publish","type":"page","link":"https:\/\/koski.fi\/koskenlukio\/aikataulu\/","title":{"rendered":"Aikataulu"},"content":{"rendered":"<div style=\"overflow: auto\">\n<p><strong>LUKUVUODEN AIKATAULUT<\/strong><\/p>\n<p>T\u00e4st\u00e4 <a href=\"https:\/\/docs.google.com\/document\/d\/1Q2ryZWTHXx-UWJsCXYv4-fb2q9DKCP-iaUrN7LySXeQ\/edit?usp=sharing\">linkist\u00e4<\/a> p\u00e4\u00e4set lukuvuoden aikatauluihin.<\/p>\n<h2 style=\"font-weight: 400\"><strong>Oppituntien alkamis- ja p\u00e4\u00e4ttymisajat<\/strong><\/h2>\n<p style=\"font-weight: 400\"><strong>ma ja ti <\/strong>(ruokatunti klo 11.30-12)<\/p>\n<ol>\n<li style=\"font-weight: 400\">tunti klo 8.55-9.45<\/li>\n<li style=\"font-weight: 400\">tunti klo 10-10.45<\/li>\n<li style=\"font-weight: 400\">tunti klo 10.45-11.30<\/li>\n<li style=\"font-weight: 400\">tunti <strong>klo 12-13.15<\/strong><\/li>\n<li style=\"font-weight: 400\">tunti klo 13.15-14<\/li>\n<li style=\"font-weight: 400\">tunti klo 14.15-15<\/li>\n<\/ol>\n<p><strong>ke-pe <\/strong>(ruokatunti klo 11.30-12.15)<\/p>\n<ol>\n<li>tunti klo 8.55-9.45<\/li>\n<li>tunti klo 10-10.45<\/li>\n<li>tunti klo 10.45-11.30<\/li>\n<li>tunti klo 12.15-13<\/li>\n<li>tunti klo 13.15-14<\/li>\n<li>tunti klo 14.15-15<\/li>\n<\/ol>\n<p>&nbsp;<\/p>\n<\/div>\n","protected":false},"excerpt":{"rendered":"<p>LUKUVUODEN AIKATAULUT T\u00e4st\u00e4 linkist\u00e4 p\u00e4\u00e4set lukuvuoden aikatauluihin. Oppituntien alkamis- ja  [&#8230;]<\/p>\n","protected":false},"author":2,"featured_media":0,"parent":0,"menu_order":0,"comment_status":"closed","ping_status":"closed","template":"","meta":{"footnotes":""},"class_list":["post-20","page","type-page","status-publish","hentry"],"jetpack_sharing_enabled":true,"_links":{"self":[{"href":"https:\/\/koski.fi\/koskenlukio\/wp-json\/wp\/v2\/pages\/20","targetHints":{"allow":["GET"]}}],"collection":[{"href":"https:\/\/koski.fi\/koskenlukio\/wp-json\/wp\/v2\/pages"}],"about":[{"href":"https:\/\/koski.fi\/koskenlukio\/wp-json\/wp\/v2\/types\/page"}],"author":[{"embeddable":true,"href":"https:\/\/koski.fi\/koskenlukio\/wp-json\/wp\/v2\/users\/2"}],"replies":[{"embeddable":true,"href":"https:\/\/koski.fi\/koskenlukio\/wp-json\/wp\/v2\/comments?post=20"}],"version-history":[{"count":48,"href":"https:\/\/koski.fi\/koskenlukio\/wp-json\/wp\/v2\/pages\/20\/revisions"}],"predecessor-version":[{"id":675,"href":"https:\/\/koski.fi\/koskenlukio\/wp-json\/wp\/v2\/pages\/20\/revisions\/675"}],"wp:attachment":[{"href":"https:\/\/koski.fi\/koskenlukio\/wp-json\/wp\/v2\/media?parent=20"}],"curies":[{"name":"wp","href":"https:\/\/api.w.org\/{rel}","templated":true}]}}