{"id":18,"date":"2018-02-28T15:16:42","date_gmt":"2018-02-28T13:16:42","guid":{"rendered":"http:\/\/koski.fi\/koskenlukio\/?page_id=18"},"modified":"2026-03-24T09:21:34","modified_gmt":"2026-03-24T07:21:34","slug":"ajankohtaista","status":"publish","type":"page","link":"https:\/\/koski.fi\/koskenlukio\/ajankohtaista\/","title":{"rendered":"Ajankohtaista"},"content":{"rendered":"<p><div class=\"fusion-fullwidth fullwidth-box fusion-builder-row-1 fusion-flex-container has-pattern-background has-mask-background nonhundred-percent-fullwidth non-hundred-percent-height-scrolling\" style=\"--awb-border-radius-top-left:0px;--awb-border-radius-top-right:0px;--awb-border-radius-bottom-right:0px;--awb-border-radius-bottom-left:0px;--awb-flex-wrap:wrap;\" ><div class=\"fusion-builder-row fusion-row fusion-flex-align-items-flex-start fusion-flex-content-wrap\" style=\"max-width:1144px;margin-left: calc(-4% \/ 2 );margin-right: calc(-4% \/ 2 );\"><div class=\"fusion-layout-column fusion_builder_column fusion-builder-column-0 fusion_builder_column_1_1 1_1 fusion-flex-column\" style=\"--awb-bg-size:cover;--awb-width-large:100%;--awb-margin-top-large:0px;--awb-spacing-right-large:1.92%;--awb-margin-bottom-large:20px;--awb-spacing-left-large:1.92%;--awb-width-medium:100%;--awb-order-medium:0;--awb-spacing-right-medium:1.92%;--awb-spacing-left-medium:1.92%;--awb-width-small:100%;--awb-order-small:0;--awb-spacing-right-small:1.92%;--awb-spacing-left-small:1.92%;\"><div class=\"fusion-column-wrapper fusion-column-has-shadow fusion-flex-justify-content-flex-start fusion-content-layout-column\"><div class=\"fusion-text fusion-text-1 fusion-text-no-margin\" style=\"--awb-text-transform:none;--awb-margin-top:20px;--awb-margin-bottom:20px;\"><p><em><strong>Kosken lukioon on hakenut yhteishaussa ensisijaisesti 50 opiskelijaa! <\/strong><\/em>Kaikki ensisijaiset hakijat ovat tervetulleita Lukio-p\u00e4iv\u00e4\u00e4n ti 26.5. klo 9-15 orientoitumaan lukio-opintoihin ja tutustumaan uusiin luokkakavereihin. Mahdollisia vapaita paikkoja voi tiedustella yhteishaun tulosten julkistamisen j\u00e4lkeen to 11.6.<\/p>\n<p>Kosken lukion lukuvuoden aikataulut l\u00f6yd\u00e4t <a href=\"https:\/\/docs.google.com\/document\/d\/1Q2ryZWTHXx-UWJsCXYv4-fb2q9DKCP-iaUrN7LySXeQ\/edit?usp=sharing\">t\u00e4\u00e4lt\u00e4<\/a>.<\/p>\n<p>Jos haluaisit p\u00e4\u00e4st\u00e4 opiskelemaan Kosken lukioon kesken lukuvuotta, tiedustele mahdollisia vapaita paikkoja rehtori Markus Niemelt\u00e4 (puh. 044 4840211).<\/p>\n<p>______________________________________________________________________________________________________________<\/p>\n<\/div><\/div><\/div><\/div><\/div><div class=\"fusion-fullwidth fullwidth-box fusion-builder-row-2 fusion-flex-container has-pattern-background has-mask-background nonhundred-percent-fullwidth non-hundred-percent-height-scrolling\" style=\"--awb-border-radius-top-left:0px;--awb-border-radius-top-right:0px;--awb-border-radius-bottom-right:0px;--awb-border-radius-bottom-left:0px;--awb-flex-wrap:wrap;\" ><div class=\"fusion-builder-row fusion-row fusion-flex-align-items-flex-start fusion-flex-content-wrap\" style=\"max-width:1144px;margin-left: calc(-4% \/ 2 );margin-right: calc(-4% \/ 2 );\"><div class=\"fusion-layout-column fusion_builder_column fusion-builder-column-1 fusion_builder_column_1_1 1_1 fusion-flex-column\" style=\"--awb-bg-size:cover;--awb-width-large:100%;--awb-margin-top-large:0px;--awb-spacing-right-large:1.92%;--awb-margin-bottom-large:20px;--awb-spacing-left-large:1.92%;--awb-width-medium:100%;--awb-order-medium:0;--awb-spacing-right-medium:1.92%;--awb-spacing-left-medium:1.92%;--awb-width-small:100%;--awb-order-small:0;--awb-spacing-right-small:1.92%;--awb-spacing-left-small:1.92%;\"><div class=\"fusion-column-wrapper fusion-column-has-shadow fusion-flex-justify-content-flex-start fusion-content-layout-column\"><div class=\"fusion-video fusion-youtube\" style=\"--awb-max-width:700px;--awb-max-height:394px;\"><div class=\"video-shortcode\"><div class=\"fluid-width-video-wrapper\" style=\"padding-top:56.29%;\" ><iframe title=\"YouTube video player 1\" src=\"https:\/\/www.youtube.com\/embed\/wszy11bdpaY?wmode=transparent&autoplay=0\" width=\"700\" height=\"394\" allowfullscreen allow=\"autoplay; clipboard-write; encrypted-media; gyroscope; picture-in-picture;\"><\/iframe><\/div><\/div><\/div><\/div><\/div><\/div><\/div><\/p>\n","protected":false},"excerpt":{"rendered":"","protected":false},"author":2,"featured_media":0,"parent":0,"menu_order":0,"comment_status":"closed","ping_status":"closed","template":"","meta":{"footnotes":""},"class_list":["post-18","page","type-page","status-publish","hentry"],"jetpack_sharing_enabled":true,"_links":{"self":[{"href":"https:\/\/koski.fi\/koskenlukio\/wp-json\/wp\/v2\/pages\/18","targetHints":{"allow":["GET"]}}],"collection":[{"href":"https:\/\/koski.fi\/koskenlukio\/wp-json\/wp\/v2\/pages"}],"about":[{"href":"https:\/\/koski.fi\/koskenlukio\/wp-json\/wp\/v2\/types\/page"}],"author":[{"embeddable":true,"href":"https:\/\/koski.fi\/koskenlukio\/wp-json\/wp\/v2\/users\/2"}],"replies":[{"embeddable":true,"href":"https:\/\/koski.fi\/koskenlukio\/wp-json\/wp\/v2\/comments?post=18"}],"version-history":[{"count":188,"href":"https:\/\/koski.fi\/koskenlukio\/wp-json\/wp\/v2\/pages\/18\/revisions"}],"predecessor-version":[{"id":693,"href":"https:\/\/koski.fi\/koskenlukio\/wp-json\/wp\/v2\/pages\/18\/revisions\/693"}],"wp:attachment":[{"href":"https:\/\/koski.fi\/koskenlukio\/wp-json\/wp\/v2\/media?parent=18"}],"curies":[{"name":"wp","href":"https:\/\/api.w.org\/{rel}","templated":true}]}}