{"id":675,"date":"2021-11-25T09:55:24","date_gmt":"2021-11-25T07:55:24","guid":{"rendered":"https:\/\/koski.fi\/kirjasto\/?page_id=675"},"modified":"2026-03-09T17:01:36","modified_gmt":"2026-03-09T15:01:36","slug":"liikuntakirjasto","status":"publish","type":"page","link":"https:\/\/koski.fi\/kirjasto\/liikuntakirjasto\/","title":{"rendered":"Liikuntakirjasto"},"content":{"rendered":"<p><img decoding=\"async\" class=\"alignnone wp-image-21662 size-large\" src=\"https:\/\/koski.fi\/wp-content\/uploads\/2021\/08\/Tasapainokassi-1024x768.jpg\" alt=\"\" width=\"1024\" height=\"768\" \/><\/p>\n<p><strong>Liikuntakirjasto sijaitsee Kosken Tl kunnan kirjaston yhteydess\u00e4: osoite H\u00e4meentie 12<\/strong><\/p>\n<ul>\n<li>\n<ul>\n<li>Kaikki urheiluv\u00e4lineet ovat lainattavissa kirjastokortilla (Loisto-kirjastot)<\/li>\n<li>Liikuntakirjaston kehitt\u00e4minen on toteutettu AVIn ja kunnan liikunnallisen el\u00e4m\u00e4ntavan kehitt\u00e4mishankeella <strong>Liikkuva aikuinen -hanke 2020-2022<\/strong><\/li>\n<li>Liikuntakirjaston v\u00e4linehankinnoista vastaa kunnan Hyvinvointipalvelut<\/li>\n<\/ul>\n<\/li>\n<\/ul>\n<ul>\n<li>\n<ul>\n<li><strong>Lainattavissa olevat v\u00e4lineet:<\/strong><\/li>\n<li>k\u00e4velysauvat<\/li>\n<li>sykemittarit<\/li>\n<li>frisbeet<\/li>\n<li>askelmittarit<\/li>\n<li>hulavanteet<\/li>\n<li>lumikeng\u00e4t<\/li>\n<li>pilates-rullat<\/li>\n<li>kahvakuulat<\/li>\n<li>tennismailat<\/li>\n<li>tasapainov\u00e4lineet<\/li>\n<li>minigolfmailat ja -pallot<\/li>\n<li>vastuskuminauhat<\/li>\n<li>k\u00f6ydenvetok\u00f6ysi<\/li>\n<\/ul>\n<\/li>\n<\/ul>\n<p><img decoding=\"async\" class=\"size-medium wp-image-21661 aligncenter\" src=\"https:\/\/koski.fi\/wp-content\/uploads\/2021\/08\/liikuntakirjasto-300x225.jpg\" alt=\"\" width=\"300\" height=\"225\" \/><\/p>\n<p><img decoding=\"async\" class=\"size-medium wp-image-21659 aligncenter\" src=\"https:\/\/koski.fi\/wp-content\/uploads\/2021\/08\/Ikiliikkuja-300x100.png\" alt=\"\" width=\"300\" height=\"100\" \/> <img decoding=\"async\" class=\"size-full wp-image-21660 aligncenter\" src=\"https:\/\/koski.fi\/wp-content\/uploads\/2021\/08\/Kosken_vaakuna_www.jpg\" alt=\"\" width=\"111\" height=\"120\" \/><\/p>\n","protected":false},"excerpt":{"rendered":"<p>Liikuntakirjasto sijaitsee Kosken Tl kunnan kirjaston yhteydess\u00e4: osoite H\u00e4meentie 12  [&#8230;]<\/p>\n","protected":false},"author":24,"featured_media":0,"parent":0,"menu_order":0,"comment_status":"closed","ping_status":"closed","template":"","meta":{"footnotes":""},"class_list":["post-675","page","type-page","status-publish","hentry"],"jetpack_sharing_enabled":true,"publishpress_future_action":{"enabled":false,"date":"2026-04-23 15:34:15","action":"change-status","newStatus":"draft","terms":[],"taxonomy":"","extraData":[]},"publishpress_future_workflow_manual_trigger":{"enabledWorkflows":[]},"_links":{"self":[{"href":"https:\/\/koski.fi\/kirjasto\/wp-json\/wp\/v2\/pages\/675","targetHints":{"allow":["GET"]}}],"collection":[{"href":"https:\/\/koski.fi\/kirjasto\/wp-json\/wp\/v2\/pages"}],"about":[{"href":"https:\/\/koski.fi\/kirjasto\/wp-json\/wp\/v2\/types\/page"}],"author":[{"embeddable":true,"href":"https:\/\/koski.fi\/kirjasto\/wp-json\/wp\/v2\/users\/24"}],"replies":[{"embeddable":true,"href":"https:\/\/koski.fi\/kirjasto\/wp-json\/wp\/v2\/comments?post=675"}],"version-history":[{"count":4,"href":"https:\/\/koski.fi\/kirjasto\/wp-json\/wp\/v2\/pages\/675\/revisions"}],"predecessor-version":[{"id":1516,"href":"https:\/\/koski.fi\/kirjasto\/wp-json\/wp\/v2\/pages\/675\/revisions\/1516"}],"wp:attachment":[{"href":"https:\/\/koski.fi\/kirjasto\/wp-json\/wp\/v2\/media?parent=675"}],"curies":[{"name":"wp","href":"https:\/\/api.w.org\/{rel}","templated":true}]}} 