{"id":40,"date":"2018-02-21T09:53:27","date_gmt":"2018-02-21T07:53:27","guid":{"rendered":"http:\/\/koski.fi\/kirjasto\/?page_id=40"},"modified":"2024-08-21T17:01:02","modified_gmt":"2024-08-21T14:01:02","slug":"luokka-6","status":"publish","type":"page","link":"https:\/\/koski.fi\/kirjasto\/loistava-lukija\/luokka-6\/","title":{"rendered":"Luokka 6"},"content":{"rendered":"<p class=\"Default\"><strong>LOISTOLUKIJA KIRJALISTA KUUDESLUOKKALAISILLE<br \/>\n<\/strong><\/p>\n<p class=\"Default\"><strong>Diplomiin luetaan kuusi kirjaa\u00a0 \u00a0 \u00a0<\/strong><\/p>\n<p><strong>J\u00e4nnitysjutut <\/strong><\/p>\n<p><strong>Auer: <\/strong>Domovik<\/p>\n<p><strong>Brallier: <\/strong>Maailman viimeiset tyypit \u2013sarja<\/p>\n<p><strong>Frantz:<\/strong> Osasto 23 <strong>TAI<\/strong> Y\u00f6n kuningatar<\/p>\n<p><strong>Hai:<\/strong> Haiseva k\u00e4si ja muut kirjailijan kauhukirjat<\/p>\n<p><strong>Halme:<\/strong> Mafiakes\u00e4 <strong>TAI <\/strong>Voodookes\u00e4<\/p>\n<p><strong>Horst: <\/strong>Kultaisen kellon arvoitus <strong>TAI<\/strong> muut CLUE-sarjan kirjat<\/p>\n<p><strong>Kallioniemi:<\/strong> Verkot tai muut kirjailijan nuortenkirjat<\/p>\n<p><strong>Ness:<\/strong> Hirvi\u00f6n kutsu<\/p>\n<p><strong>Ohlsson:<\/strong> Zombikuume <strong>TAI <\/strong>muut kirjailijan nuortenkirjat<\/p>\n<p><strong>Parvela:<\/strong> Melkein mahdoton teht\u00e4v\u00e4 -sarja<\/p>\n<p><strong>Remes<\/strong>: Musta kobra <strong>TAI <\/strong>muut kirjailijan nuortenkirjat<\/p>\n<p><strong>Rubin<\/strong>: Alice Jones ratkoo -sarja<\/p>\n<p><strong>Simukka<\/strong>: Poika ullakolla, poika kellarissa<\/p>\n<p><strong>Sten<\/strong>: Syvyyksiss\u00e4 <strong>TAI <\/strong>muut Synk\u00e4t vedet \u2013sarjan kirjat<\/p>\n<p><strong>Tynkkynen: <\/strong>Etsiv\u00e4toimisto Mysteeri \u2013sarja<\/p>\n<p><strong>\u00a0<\/strong><\/p>\n<p><strong>\u00a0<\/strong><strong>El\u00e4inyst\u00e4v\u00e4t <\/strong><\/p>\n<p><strong>Aho: <\/strong>Loukuttaja<\/p>\n<p><strong>Alongi<\/strong>: Hevoskallion kuiskaajat -sarja<\/p>\n<p><strong>Dahlgren: <\/strong>T\u00e4htihevosten kutsu <strong>TAI<\/strong> muut Sielunratsastajat-sarjan kirjat<\/p>\n<p><strong>Hagmar<\/strong>: Klara \u2013sarja<\/p>\n<p><strong>Heimonen: <\/strong>Suokaislan suloinen Cecilia <strong>TAI<\/strong> muut sarjan kirjat<\/p>\n<p><strong>Heimonen: <\/strong>Sonja ja lumen hevonen<\/p>\n<p><strong>Hel\u00e9n<\/strong>: Rambon talli -sarja<\/p>\n<p><strong>Hunter<\/strong>: Uljas maa\u2013sarjan kirjat <strong>TAI <\/strong>muut \u00a0Hunterin kirjat<\/p>\n<p><strong>Jalo, Merja<\/strong>: Nummelan ponitalli-sarja <strong>TAI <\/strong>muut Jalon kirjat<\/p>\n<p><strong>Kotila:<\/strong> Vilman talliel\u00e4m\u00e4\u00e4 -sarja<\/p>\n<p><strong>Lehtinen<\/strong>: Lemmikkilyh\u00e4rit<\/p>\n<p><strong>Sarenbrant<\/strong>: Mira ja Kuu -sarja<\/p>\n<p><strong>St. John<\/strong>: Yhden dollarin hevonen <strong>TAI <\/strong>muut kirjailijan kirjat<\/p>\n<p><strong>Tanskanen: <\/strong>Hevostytt\u00f6 Iitu \u2013sarja<\/p>\n<p><strong>Wenitzky:<\/strong> Koirakamut-sarja<\/p>\n<p><strong>\u00a0<\/strong><\/p>\n<p><strong>Uskomaton juttu: Satua ja fantasiaa<\/strong><\/p>\n<p><strong>Black:<\/strong> Rautakoe <strong>TAI <\/strong>muut Magisterium-sarjan kirjat<\/p>\n<p><strong>Colfer:<\/strong> Fowlin kaksoset <strong>TAI<\/strong> muut kirjailijan fantasiakirjat<\/p>\n<p><strong>Cowell:<\/strong> Noitakuningas her\u00e4\u00e4 <strong>TAI <\/strong>muut sarjan kirjat<\/p>\n<p><strong>Dahlgren: <\/strong>Sielunratsastajat-sarjan kirjat<\/p>\n<p><strong>Davidson: <\/strong>The Ghost Network \u2013sarja<\/p>\n<p><strong>Doyle<\/strong>: Myrskynvartija-sarja<\/p>\n<p><strong>Grey:<\/strong> Varismiekka-sarja<\/p>\n<p><strong>Hai:<\/strong> Neiti Kymenen ihmeellinen talo<\/p>\n<p><strong>Immonen:<\/strong> Jakov Korina ja synki\u00f6n salaisuus<\/p>\n<p><strong>K\u00e4llner:<\/strong> T\u00e4htiin temmatut<\/p>\n<p><strong>Larsson: <\/strong>Loitsusauva <strong>TAI<\/strong> muut Pax-sarjan kirjat<\/p>\n<p><strong>Lish:<\/strong> Taikuuden talo -sarja<\/p>\n<p><strong>Meggitt-Phillips:<\/strong> Hirvi\u00f6 ja Helmikki -sarja<\/p>\n<p><strong>Meloy:<\/strong> Sysimets\u00e4-sarja<\/p>\n<p><strong>Meresmaa:<\/strong> Mifongin perint\u00f6 <strong>TAI <\/strong>muut sarjan kirjat<\/p>\n<p><strong>Meseorsz\u00e1g<\/strong>: Satumaa kuuluu kaikille<\/p>\n<p><strong>Ness: <\/strong>Hirvi\u00f6n kutsu<\/p>\n<p><strong>Niemel\u00e4:<\/strong> Musta kuu -sarja<\/p>\n<p><strong>Ohtonen:<\/strong> Ikimaa-sarja<\/p>\n<p><strong>Parvela:<\/strong> Varjot-sarja<\/p>\n<p><strong>Puikkonen<\/strong>: \u00c4\u00e4nih\u00e4kki<strong> TAI<\/strong> Viimeiset lohik\u00e4\u00e4rmeet<\/p>\n<p><strong>Riordan<\/strong>: Kes\u00e4n miekka <strong>TAI<\/strong> muut kirjailijan fantasiakirjat<\/p>\n<p><strong>Rowling<\/strong>: Harry Potter -kirjat<\/p>\n<p><strong>Rylander: <\/strong>Gregin legenda<\/p>\n<p><strong>Steadman:<\/strong> Skandar ja yksisarvisvaras<\/p>\n<p><strong>Stewner:<\/strong> Alea Aquarius -sarja<\/p>\n<p><strong>Sutherland:<\/strong> Tulisiivet-sarja<\/p>\n<p><strong>Taylor:<\/strong> Malamanteri <strong>TAI<\/strong> muut sarjan kirjat<\/p>\n<p><strong>Ter\u00e4s:<\/strong> Noitapeili <strong>TAI <\/strong>Kadonnut kaupunki<\/p>\n<p><strong>Tolonen: <\/strong>Agnes ja unien avain <strong>TAI<\/strong> muut sarjan kirjat<\/p>\n<p><strong>Tolonen:<\/strong> M\u00f6rk\u00f6vahti TAI muut sarjan kirjat<\/p>\n<p><strong>Townsend:<\/strong> Morriganin koetukset <strong>TAI <\/strong>muut Nevermoor-sarjan kirjat<\/p>\n<p><strong>Tuhannen ja yhden y\u00f6n sadut, <\/strong>eri kokoelmia (lue ainakin kaksi satua)<\/p>\n<p>&nbsp;<\/p>\n<p><strong>Kisoja ja kavereita\u00a0<\/strong><\/p>\n<p><strong>Behm:<\/strong> Ihmepoika Leon <strong>TAI<\/strong> Enkelin nyrkki<\/p>\n<p><strong>Heinonen, Henna Helmi: <\/strong>Miisan kaksoisaxel <strong>TAI <\/strong>muut kirjailijan taitoluistelukirjat<\/p>\n<p><strong>Kallioniemi:<\/strong> Kaksoisolennot TAI muut kirjailijan nuortenkirjat<\/p>\n<p><strong>Kuronen: <\/strong>Merikki TAI muut kirjailijan nuortenkirjat<\/p>\n<p><strong>Kuutti:<\/strong> Onnenpotku-sarja<\/p>\n<p><strong>Luhtanen: <\/strong>Isadella: Syd\u00e4n kylm\u00e4n\u00e4 <strong>TAI<\/strong> muut sarjan kirjat<\/p>\n<p><strong>Lukkarila<\/strong>: En ikin\u00e4 luovuta<\/p>\n<p><strong>M\u00e4kip\u00e4\u00e4<\/strong>: Masi Tulppa -sarja<\/p>\n<p><strong>Palviainen:<\/strong> Opeta minut lent\u00e4m\u00e4\u00e4n <strong>TAI<\/strong> muut kirjailijan nuortenkirjat<\/p>\n<p><strong>Sumanen:<\/strong> Rambo<\/p>\n<p><strong>Veirto<\/strong>: Kivimutka ja p\u00e4\u00e4kallonaama <strong>TAI <\/strong>muut Kivimutka-sarjan kirjat<\/p>\n<p><strong>Veirto<\/strong>: Kyl\u00e4kaukalon lupaus <strong>TAI <\/strong>muut T\u00e4htiketju-sarjan kirjat<\/p>\n<p><strong>Veistinen<\/strong>: Kotitekoisen poikab\u00e4ndin alkeet TAI muut kirjailijan nuortenkirjat<\/p>\n<p><strong>Wickstr\u00f6m<\/strong>: Meid\u00e4n jengin Zlatan -sarjan kirjat<\/p>\n<p>&nbsp;<\/p>\n<p><strong>Runot <\/strong><\/p>\n<p><strong>Itkonen<\/strong>: Laulavat lenkkitossut <strong>TAI<\/strong> muut Itkosen\u00a0runokirjat<\/p>\n<p><strong>Kuronen<\/strong>: Paha puuska <strong>TAI <\/strong>P\u00f6ntt\u00f6<\/p>\n<p><strong>Nopola:<\/strong> Mustekala l\u00f6yt\u00e4\u00e4 trikoot <strong>TAI<\/strong> muut Nopolan runokirjat<\/p>\n<p><strong>P\u00e4\u00e4 auki: s\u00e4keit\u00e4 nuorille<\/strong><\/p>\n<p><strong>Ruohonen<\/strong>: Tippukivitapaus <strong>TAI<\/strong> muut kirjailijan runokirjat<\/p>\n<p><strong>Savisaari<\/strong>: Joku siipi pit\u00e4is olla<\/p>\n<p>&nbsp;<\/p>\n<p><strong>Hauskat tapaukset <\/strong><\/p>\n<p><strong>Delikouras:<\/strong> N\u00f6rtti-sarja<\/p>\n<p><strong>Ikola:<\/strong> Jasu mestarimokaaja <strong>TAI<\/strong> muut sarjan kirjat<\/p>\n<p><strong>Kallioniemi:<\/strong> Villi viikko<\/p>\n<p><strong>Karvonen:<\/strong> Rasseli ja Tuisku<\/p>\n<p><strong>Kinney<\/strong>: Neropatin p\u00e4iv\u00e4kirja-sarja<\/p>\n<p><strong>Kinney: <\/strong>Maailman parhaan kaverin p\u00e4iv\u00e4kirja <strong>TAI <\/strong>muut sarjan kirjat<\/p>\n<p><strong>Korkea-aho:<\/strong> Zoo!-sarja<\/p>\n<p><strong>Lampela<\/strong>: Supernolo supersankari<\/p>\n<p><strong>Lipasti: <\/strong>Luutarhurin tapaus <strong>TAI <\/strong>muut sarjan kirjat<\/p>\n<p><strong>Luhtanen:<\/strong> Totuus Tarusta -sarja<\/p>\n<p><strong>Mark:<\/strong> Hirvi\u00f6nmets\u00e4styksen opas aloittelijoille<\/p>\n<p><strong>Nopola<\/strong>: Risto R\u00e4pp\u00e4\u00e4j\u00e4 \u2013sarja<\/p>\n<p><strong>Peirce:<\/strong> Iso Nipa \u2013sarja<\/p>\n<p><strong>Pichon:<\/strong> Tom Gates Mahtava monsteri <strong>TAI <\/strong>muut sarjan kirjat<\/p>\n<p><strong>Pilkey<\/strong>: Kapteeni Kalsari \u2013sarja<\/p>\n<p><strong>Reynolds<\/strong>: Rex Dexter -sarja<\/p>\n<p><strong>Schumacher:<\/strong> Kirottu kirja : p\u00e4\u00e4st\u00e4k\u00e4\u00e4 minut pois t\u00e4\u00e4lt\u00e4!<\/p>\n<p><strong>Veirto<\/strong>: Jyrsij\u00f6iden haaste <strong>TAI<\/strong> muut sarjan kirjat<\/p>\n<p>&nbsp;<\/p>\n<p><strong>Sarjakuvat<\/strong><\/p>\n<p><strong>Arai:<\/strong> Friikkisirkus <strong>TAI<\/strong> muut Darren Shan \u2013sarjan kirjat (manga)<\/p>\n<p><strong>Aulen:<\/strong> Tsernobylin koirat<\/p>\n<p><strong>Dahlgren:<\/strong> Sielunratsastajat-sarjakuva<\/p>\n<p><strong>Gregorio<\/strong>: Sisarukset Gr\u00e9mille -sarja<\/p>\n<p><strong>Folman: <\/strong>Anne Frankin p\u00e4iv\u00e4kirja<\/p>\n<p><strong>Goscinny<\/strong>: Asterix-sarjakuvat<\/p>\n<p><strong>Herg\u00e9<\/strong>: Tintti -sarjakuvat<\/p>\n<p><strong>Hyp\u00e9n<\/strong>: Nanna-sarjakuvat<\/p>\n<p><strong>Kyoukorin: <\/strong>Ace: Musta vaeltaja \u2013sarja (manga)<\/p>\n<p><strong>Lemire:<\/strong> Mira-sarjakuvat<\/p>\n<p><strong>Luke Skywalker TAI <\/strong>muut Star wars -sarjakuvat<\/p>\n<p><strong>Luoma:<\/strong> Romeo &amp; Hirvi\u00f6t -sarja<\/p>\n<p><strong>Meyer:<\/strong> Houkutus (osat 1 ja 2)<\/p>\n<p><strong>Mizuho: <\/strong>Maaginen suklaapuoti \u2013 sarja (manga)<\/p>\n<p><strong>Morris:<\/strong> Lucky Luke -sarja<\/p>\n<p><strong>Peyo<\/strong>: Smurffi-sarjakuvat<\/p>\n<p><strong>Platt:<\/strong> Huippuh\u00e4sl\u00e4rit-sarja<\/p>\n<p><strong>Russell<\/strong>: Coraline<\/p>\n<p><strong>\u00a0<\/strong><\/p>\n<p><strong>Ullakon aarteet<\/strong><\/p>\n<p><strong>Adams: <\/strong>Ruohomets\u00e4n kansa (saturomaani)<\/p>\n<p><strong>Alcott: <\/strong>Pikku naisia <strong>TAI <\/strong>muut kirjailijan kirjat<\/p>\n<p><strong>Barrie:<\/strong> Peter Pan (saturomaani)<\/p>\n<p><strong>Blyton: <\/strong>Seikkailujen laakso<strong> TAI<\/strong> muut Blytonin\u00a0kirjat<\/p>\n<p><strong>Burroughs: <\/strong>Tarzan-kirjat<\/p>\n<p><strong>Frazee: <\/strong>Zorro<\/p>\n<p><strong>Jansson:<\/strong> Muumipappa ja meri <strong>TAI <\/strong>muut Janssonin saturomaanit<\/p>\n<p><strong>Kurvinen<\/strong>: Susikoira Roi \u2013sarjan kirjat<\/p>\n<p><strong>Lewis<\/strong>: Narnia-sarja<\/p>\n<p><strong>Lindgren<\/strong>: Mio, poikani Mio <strong>TAI <\/strong>muut Lindgrenin nuortenkirjat<\/p>\n<p><strong>Montgomery<\/strong>: Anna-sarja tai Pieni runotytt\u00f6 \u2013sarja<\/p>\n<p><strong>Morpurgo: <\/strong>Sotahevonen<\/p>\n<p><strong>Stevenson<\/strong>: Aarresaari <strong>TAI <\/strong>Tohtori Jekyll ja Mr Hyde<\/p>\n<p><strong>Verne<\/strong>: Kapteeni Nemo <strong>TAI <\/strong>muut Vernen seikkailukirjat<\/p>\n<p>&nbsp;<\/p>\n<p><strong>Sekalaista s\u00e4pin\u00e4\u00e4 <\/strong><\/p>\n<p><strong>Chanfreau:<\/strong> Kirahvin syd\u00e4n on tavattoman suuri<\/p>\n<p><strong>Cheng: <\/strong>Kosmoksessa tavataan<\/p>\n<p><strong>Doyle:<\/strong> Ebenezerinkadun ihme<\/p>\n<p><strong>Gidwitz: <\/strong>Haluatko Jediksi <strong>TAI <\/strong>muut <strong>Star wars-kirjat <\/strong>(eri kirjailijoita)<\/p>\n<p><strong>Hurme:<\/strong> V\u00e4rikk\u00e4\u00e4t-sarja<\/p>\n<p><strong>Juckes:<\/strong> Satakielt\u00e4 etsim\u00e4ss\u00e4<\/p>\n<p><strong>Knapman:<\/strong> Minotauroksen labyrintti <strong>TAI <\/strong>muut sarjan kirjat<\/p>\n<p><strong>Kress:<\/strong> K\u00e4tketty ovi TAI muut L\u00f6yt\u00f6retkeilij\u00e4t-sarjan kirjat<\/p>\n<p><strong>Lampela:<\/strong> Talventaian tarinoita<\/p>\n<p><strong>Lipasti:<\/strong> Rauniokaupungin lapset -sarja<\/p>\n<p><strong>Lipasti: <\/strong>Viikinkisolmu <strong>TAI <\/strong>muut sarjan kirjat<\/p>\n<p><strong>Luhtanen:<\/strong> Tuhkimo tennareissa<\/p>\n<p><strong>Malinen:<\/strong> Seitsem\u00e4n kielonlehte\u00e4<\/p>\n<p><strong>Meggitt-Phillips:<\/strong> Hirvi\u00f6 ja Helmikki -sarja<\/p>\n<p><strong>O&#8217;Connell:<\/strong> Karkkitehtaan kummitus <strong>TAI<\/strong> Kivij\u00e4tin kosto<\/p>\n<p><strong>Palacio:<\/strong> Ihme<\/p>\n<p><strong>Parvela &amp; Sortland:<\/strong> Kepler 62-sarja<\/p>\n<p><strong>Pettersen:<\/strong> Kupla<\/p>\n<p><strong>Roth: <\/strong>Outolintu <strong>TAI <\/strong>muut Rothin kirjat<\/p>\n<p><strong>Rowling: <\/strong>Harry Potter \u2013sarja<\/p>\n<p><strong>Sammalisto: <\/strong>T\u00e4htimosaiikki<\/p>\n<p><strong>Snow, Cristal:<\/strong> Penni-kirjat<\/p>\n<p><strong>Standish:<\/strong> Outoja tapauksia Baskervillen koulussa<\/p>\n<p><strong>Stewner:<\/strong> Meren kutsu<strong> TAI<\/strong> Meren v\u00e4rit<\/p>\n<p><strong>\u00a0<\/strong><\/p>\n<p><strong>Tietokirja<\/strong><\/p>\n<p><strong>Vapaavalintainen, opettajan luvalla<\/strong><\/p>\n<p class=\"Default\"><strong>\u00a0 \u00a0 \u00a0 \u00a0 \u00a0 \u00a0 \u00a0 \u00a0 \u00a0 \u00a0 \u00a0 \u00a0 \u00a0 \u00a0 \u00a0 \u00a0 \u00a0 \u00a0 \u00a0 \u00a0 \u00a0 \u00a0 \u00a0 \u00a0\u00a0<\/strong><\/p>\n<p>&nbsp;<\/p>\n","protected":false},"excerpt":{"rendered":"<p>LOISTOLUKIJA KIRJALISTA KUUDESLUOKKALAISILLE Diplomiin luetaan kuusi kirjaa\u00a0 \u00a0 \u00a0 J\u00e4nnitysjutut  [&#8230;]<\/p>\n","protected":false},"author":5,"featured_media":0,"parent":28,"menu_order":0,"comment_status":"closed","ping_status":"closed","template":"","meta":{"footnotes":""},"class_list":["post-40","page","type-page","status-publish","hentry"],"jetpack_sharing_enabled":true,"publishpress_future_action":{"enabled":false,"date":"2026-04-23 13:32:13","action":"change-status","newStatus":"draft","terms":[],"taxonomy":"","extraData":[]},"publishpress_future_workflow_manual_trigger":{"enabledWorkflows":[]},"_links":{"self":[{"href":"https:\/\/koski.fi\/kirjasto\/wp-json\/wp\/v2\/pages\/40","targetHints":{"allow":["GET"]}}],"collection":[{"href":"https:\/\/koski.fi\/kirjasto\/wp-json\/wp\/v2\/pages"}],"about":[{"href":"https:\/\/koski.fi\/kirjasto\/wp-json\/wp\/v2\/types\/page"}],"author":[{"embeddable":true,"href":"https:\/\/koski.fi\/kirjasto\/wp-json\/wp\/v2\/users\/5"}],"replies":[{"embeddable":true,"href":"https:\/\/koski.fi\/kirjasto\/wp-json\/wp\/v2\/comments?post=40"}],"version-history":[{"count":9,"href":"https:\/\/koski.fi\/kirjasto\/wp-json\/wp\/v2\/pages\/40\/revisions"}],"predecessor-version":[{"id":1279,"href":"https:\/\/koski.fi\/kirjasto\/wp-json\/wp\/v2\/pages\/40\/revisions\/1279"}],"up":[{"embeddable":true,"href":"https:\/\/koski.fi\/kirjasto\/wp-json\/wp\/v2\/pages\/28"}],"wp:attachment":[{"href":"https:\/\/koski.fi\/kirjasto\/wp-json\/wp\/v2\/media?parent=40"}],"curies":[{"name":"wp","href":"https:\/\/api.w.org\/{rel}","templated":true}]}} 