{"id":28,"date":"2018-02-21T09:47:05","date_gmt":"2018-02-21T07:47:05","guid":{"rendered":"http:\/\/koski.fi\/kirjasto\/?page_id=28"},"modified":"2022-09-28T14:28:42","modified_gmt":"2022-09-28T11:28:42","slug":"loistava-lukija","status":"publish","type":"page","link":"https:\/\/koski.fi\/kirjasto\/loistava-lukija\/","title":{"rendered":"Loistava lukija"},"content":{"rendered":"<p>Kosken kirjaston ja Talolan koulun yhteinen lukuprojekti t\u00e4ytt\u00e4\u00e4 20 vuotta syksyll\u00e4 2025. Loistava lukija -lukuprojektia on vuosittain uudistettu ja kirjalistoille on lis\u00e4tty uusia kirjoja samalla kun vanhoja on poistettu. Parhaita ideoita on s\u00e4ilytetty. Luokka-astekohtaiset kirjalistat sek\u00e4 kirjoihin liittyv\u00e4t teht\u00e4v\u00e4t kuuluvat edelleen lukukampanjaan.<\/p>\n<p>Lukudiplomissa on t\u00e4n\u00e4kin lukuvuonna erilaisia kirjakoreja, joissa k\u00e4sitell\u00e4\u00e4n eri aiheita sek\u00e4 tutustutaan erilaisiin kirjallisuudenlajeihin kuten esim. runoihin, tarinoihin ja sarjakuviin.<\/p>\n<p>Lukudiplomin suoritus on kolmetasoinen, ja joka tasolla on oma nimens\u00e4. 1. taso on Loistolukija, 2. taso on Loistokas lukija sek\u00e4 3. taso Loistavin lukija. Loistolukija on lukenut 6 kirjaa, Loistokas lukija v\u00e4hint\u00e4\u00e4n 12 kirjaa ja Loistavin lukija per\u00e4ti 18 kirjaa!<\/p>\n<p>Oppilaat saavat itse p\u00e4\u00e4tt\u00e4\u00e4 mihin tasoon yritt\u00e4v\u00e4t lukuvuoden aikana ja lukuvuoden p\u00e4\u00e4tteeksi oppilaat saavat sen tasoisen diplomin kuin luetut kirjat ja tehdyt teht\u00e4v\u00e4t oikeuttavat. Lis\u00e4ksi palkitaan eniten lukeneita oppilaita ja lukemisessa tsempanneita oppilaita.<\/p>\n<p>&nbsp;<\/p>\n<p><strong>Loistavia lukuhetki\u00e4!<\/strong><\/p>\n","protected":false},"excerpt":{"rendered":"<p>Kosken kirjaston ja Talolan koulun yhteinen lukuprojekti t\u00e4ytt\u00e4\u00e4 20 vuotta  [&#8230;]<\/p>\n","protected":false},"author":1,"featured_media":0,"parent":0,"menu_order":0,"comment_status":"closed","ping_status":"closed","template":"","meta":{"footnotes":""},"class_list":["post-28","page","type-page","status-publish","hentry"],"jetpack_sharing_enabled":true,"publishpress_future_action":{"enabled":false,"date":"2026-04-22 06:16:59","action":"change-status","newStatus":"draft","terms":[],"taxonomy":"","extraData":[]},"publishpress_future_workflow_manual_trigger":{"enabledWorkflows":[]},"_links":{"self":[{"href":"https:\/\/koski.fi\/kirjasto\/wp-json\/wp\/v2\/pages\/28","targetHints":{"allow":["GET"]}}],"collection":[{"href":"https:\/\/koski.fi\/kirjasto\/wp-json\/wp\/v2\/pages"}],"about":[{"href":"https:\/\/koski.fi\/kirjasto\/wp-json\/wp\/v2\/types\/page"}],"author":[{"embeddable":true,"href":"https:\/\/koski.fi\/kirjasto\/wp-json\/wp\/v2\/users\/1"}],"replies":[{"embeddable":true,"href":"https:\/\/koski.fi\/kirjasto\/wp-json\/wp\/v2\/comments?post=28"}],"version-history":[{"count":6,"href":"https:\/\/koski.fi\/kirjasto\/wp-json\/wp\/v2\/pages\/28\/revisions"}],"predecessor-version":[{"id":860,"href":"https:\/\/koski.fi\/kirjasto\/wp-json\/wp\/v2\/pages\/28\/revisions\/860"}],"wp:attachment":[{"href":"https:\/\/koski.fi\/kirjasto\/wp-json\/wp\/v2\/media?parent=28"}],"curies":[{"name":"wp","href":"https:\/\/api.w.org\/{rel}","templated":true}]}} 