{"id":23,"date":"2018-02-21T09:44:25","date_gmt":"2018-02-21T07:44:25","guid":{"rendered":"http:\/\/koski.fi\/kirjasto\/?page_id=23"},"modified":"2023-12-21T14:08:51","modified_gmt":"2023-12-21T12:08:51","slug":"loisto-verkkokirjasto","status":"publish","type":"page","link":"https:\/\/koski.fi\/kirjasto\/loisto-verkkokirjasto\/","title":{"rendered":"Loisto verkkokirjasto"},"content":{"rendered":"<p>Verkkokirjastossa voi tehd\u00e4 tiedonhakuja, uusia omia lainoja ja varata aineistoa. Verkkokirjastossa my\u00f6s omien tietojen muuttaminen k\u00e4y k\u00e4tev\u00e4sti. Voit tehd\u00e4 arvosteluja kirjoista, elokuvista tai levyist\u00e4 ja vinkata niit\u00e4 yst\u00e4villesi. Oma hylly on muistilista kirjastoaineistosta, jonne voi vaikkapa tallentaa listan luetuista kirjoista. Uudistettu verkkokirjasto vaatii nelinumeroisen salasanan. Mik\u00e4li vanha salasanasi ei ole nelinumeroinen, tarvitset uuden salasanan. Uuden salasanan voi vaihtaa kirjastossa.<\/p>\n<p>Tutustu verkkokirjastoon osoitteessa:\u00a0<a href=\"http:\/\/loisto.verkkokirjasto.fi\/\" target=\"_blank\" rel=\"noopener\">loisto.verkkokirjasto.fi<\/a><\/p>\n<p>Kirjastolla on oikeus k\u00e4ytt\u00e4\u00e4 henkil\u00f6tunnusta lainaajarekisteriss\u00e4\u00e4n (Henkil\u00f6tietolaki 523\/1999, 13 \u00a7). Kaikki asiakkaaseen ja h\u00e4nen asiointiinsa liittyv\u00e4 tieto on luottamuksellista. Rekisterin tietoja ei luovuteta ulkopuolisille.<\/p>\n<p>Julkisuuslain mukainen\u00a0<a href=\"http:\/\/www.loimaa.fi\/rekisteriseloste\" target=\"_blank\" rel=\"noopener\">tietoj\u00e4rjestelm\u00e4seloste<\/a>\u00a0, LOISTO-kirjastojen tietokanta.<\/p>\n","protected":false},"excerpt":{"rendered":"<p>Verkkokirjastossa voi tehd\u00e4 tiedonhakuja, uusia omia lainoja ja varata aineistoa.  [&#8230;]<\/p>\n","protected":false},"author":5,"featured_media":0,"parent":0,"menu_order":0,"comment_status":"closed","ping_status":"closed","template":"","meta":{"footnotes":""},"class_list":["post-23","page","type-page","status-publish","hentry"],"jetpack_sharing_enabled":true,"publishpress_future_action":{"enabled":false,"date":"2026-04-23 15:32:54","action":"change-status","newStatus":"draft","terms":[],"taxonomy":"","extraData":[]},"publishpress_future_workflow_manual_trigger":{"enabledWorkflows":[]},"_links":{"self":[{"href":"https:\/\/koski.fi\/kirjasto\/wp-json\/wp\/v2\/pages\/23","targetHints":{"allow":["GET"]}}],"collection":[{"href":"https:\/\/koski.fi\/kirjasto\/wp-json\/wp\/v2\/pages"}],"about":[{"href":"https:\/\/koski.fi\/kirjasto\/wp-json\/wp\/v2\/types\/page"}],"author":[{"embeddable":true,"href":"https:\/\/koski.fi\/kirjasto\/wp-json\/wp\/v2\/users\/5"}],"replies":[{"embeddable":true,"href":"https:\/\/koski.fi\/kirjasto\/wp-json\/wp\/v2\/comments?post=23"}],"version-history":[{"count":3,"href":"https:\/\/koski.fi\/kirjasto\/wp-json\/wp\/v2\/pages\/23\/revisions"}],"predecessor-version":[{"id":1111,"href":"https:\/\/koski.fi\/kirjasto\/wp-json\/wp\/v2\/pages\/23\/revisions\/1111"}],"wp:attachment":[{"href":"https:\/\/koski.fi\/kirjasto\/wp-json\/wp\/v2\/media?parent=23"}],"curies":[{"name":"wp","href":"https:\/\/api.w.org\/{rel}","templated":true}]}}