{"id":22,"date":"2018-02-28T15:33:44","date_gmt":"2018-02-28T13:33:44","guid":{"rendered":"http:\/\/koski.fi\/koskenlukio\/?page_id=22"},"modified":"2026-01-16T09:13:02","modified_gmt":"2026-01-16T07:13:02","slug":"tyo-ja-loma-ajat","status":"publish","type":"page","link":"http:\/\/koski.fi\/koskenlukio\/tyo-ja-loma-ajat\/","title":{"rendered":"Ty\u00f6- ja loma-ajat"},"content":{"rendered":"<p>Katso ty\u00f6- ja loma-ajat <a href=\"https:\/\/koski.fi\/kasvatus-ja-koulutus\/tyo-ja-loma-ajat-2025-2026\/\" target=\"_blank\" rel=\"noopener noreferrer\">t\u00e4st\u00e4<\/a>.<\/p>\n","protected":false},"excerpt":{"rendered":"<p>Katso ty\u00f6- ja loma-ajat t\u00e4st\u00e4.<\/p>\n","protected":false},"author":2,"featured_media":0,"parent":0,"menu_order":0,"comment_status":"closed","ping_status":"closed","template":"","meta":{"footnotes":""},"class_list":["post-22","page","type-page","status-publish","hentry"],"jetpack_sharing_enabled":true,"_links":{"self":[{"href":"http:\/\/koski.fi\/koskenlukio\/wp-json\/wp\/v2\/pages\/22","targetHints":{"allow":["GET"]}}],"collection":[{"href":"http:\/\/koski.fi\/koskenlukio\/wp-json\/wp\/v2\/pages"}],"about":[{"href":"http:\/\/koski.fi\/koskenlukio\/wp-json\/wp\/v2\/types\/page"}],"author":[{"embeddable":true,"href":"http:\/\/koski.fi\/koskenlukio\/wp-json\/wp\/v2\/users\/2"}],"replies":[{"embeddable":true,"href":"http:\/\/koski.fi\/koskenlukio\/wp-json\/wp\/v2\/comments?post=22"}],"version-history":[{"count":9,"href":"http:\/\/koski.fi\/koskenlukio\/wp-json\/wp\/v2\/pages\/22\/revisions"}],"predecessor-version":[{"id":684,"href":"http:\/\/koski.fi\/koskenlukio\/wp-json\/wp\/v2\/pages\/22\/revisions\/684"}],"wp:attachment":[{"href":"http:\/\/koski.fi\/koskenlukio\/wp-json\/wp\/v2\/media?parent=22"}],"curies":[{"name":"wp","href":"https:\/\/api.w.org\/{rel}","templated":true}]}}

Työ- ja loma-ajat

<p>Katso työ- ja loma-ajat <a href="https://koski.fi/kasvatus-ja-koulutus/tyo-ja-loma-ajat-2025-2026/" target="_blank" rel="noopener noreferrer">tästä</a>.</p>

<p>Katso työ- ja loma-ajat tästä.</p>
